7136 = 2*j + 3440, -11836 = -2*a + b*j. Is a composite?
False
Let g(i) = 6*i**3 + 14*i**2 - 63*i + 242. Is g(21) a composite number?
False
Let r = -8726 + 15334. Suppose 2*n - q = 7978, -3*n + 2*q = -r - 5359. Is n prime?
True
Suppose 79*w - 40*w - 31*w - 993704 = 0. Is w a composite number?
False
Let c(i) = i**2 - 18*i - 4. Suppose 5*v - 2*m - 73 = 17, 5*v - 4*m - 90 = 0. Let d be c(v). Is 3646/d*2/(-6 + 5) a prime number?
True
Let j(a) = a**3 - 24*a**2 - a + 27. Let z be j(24). Suppose 4*h + 2*l - 31612 = 0, 5*h - 2*l + z*l = 39509. Is h a composite number?
False
Suppose -80 = 15*u - 605. Is 126006/30 - (-28)/u a composite number?
False
Let s be (-175)/(-210) - 34/12. Let f(g) = g**3 + 3*g**2 - 6*g - 6. Let l be f(-4). Is ((-901)/s)/(1/l) composite?
True
Let v be (13 + 3)/(-4) - 23. Let o = v - 13. Is (-1255)/1*(o/(-25))/(-4) a prime number?
False
Let v(a) = 29*a**2 - 105*a - 441. Is v(-73) a prime number?
False
Suppose -5*w = -s - 187, -2*s + 0*s = 4*w - 144. Let z = w - 32. Suppose -2*g = -7*g - a + 3546, z*a - 5 = 0. Is g prime?
True
Let l(c) = -c**3 + 56*c**2 + 2193*c + 181. Is l(73) composite?
False
Let u = 6 + -10. Let n(l) = -2935*l - 63. Is n(u) prime?
True
Suppose -4*x = -2*f - 34, 0 = 5*f - 16 - 9. Let a(h) be the third derivative of h**5/60 + h**4/8 + 3*h**3/2 - 169*h**2. Is a(x) composite?
False
Let l(o) = -o**3 + 12*o**2 - 11*o + 2. Let n be l(11). Suppose -h + n = -0. Suppose 599 = j + j + 3*u, -3*j - h*u = -911. Is j a prime number?
True
Let r(t) = 2*t**2 - 28*t. Let o be r(14). Suppose s + 2*x - 1536 + 39 = o, 3*s = -5*x + 4493. Is s a prime number?
False
Suppose -14*p = 22*p - 144. Let c(l) = 71*l**2 + l + 11. Is c(p) prime?
True
Let l(z) = 9114*z + 2797. Is l(31) prime?
False
Let j(g) = 306 + 48*g + 21 - 115 + 234. Is j(6) a prime number?
False
Suppose 3*b = -24130 - 1550. Let d = -5350 - b. Is (-3)/(-2) - d/(-12) prime?
True
Suppose -2*z + z = -3. Suppose 15 = z*m + 2*m. Suppose q = -0*q + 3*y + 620, 5*y = m*q - 1864. Is q composite?
True
Let h = -90 + 178. Let u = -85 + h. Suppose u*s + 1229 - 4088 = 0. Is s prime?
True
Suppose 0 = -5*b + 5*v + 125, 7*v = -b + 4*v + 33. Suppose 22*n + 30270 = b*n. Suppose -4*m + n = 2*m. Is m a prime number?
True
Let v be 22/121 + (-57077)/(-11). Let t = v - 3687. Is t a composite number?
True
Let c = -27874 - -61275. Is c a composite number?
True
Suppose 12 = 2*m - 4. Suppose -2*a = m - 18. Suppose -637 - 2068 = -a*q. Is q composite?
False
Let n(a) = -a**3 - 7*a**2 - 5*a + 2. Let q be n(-6). Let x(z) = 42*z**2 + 22*z + 3. Is x(q) a composite number?
False
Let s(k) = -6*k**2 + 4 - 7*k**2 + 15*k**2 - 146*k**3 - k. Is s(-3) a composite number?
False
Let z = -159 + 147. Is (-6771)/(-2) + (-3)/z*-2 a prime number?
False
Let r be 31/(-11) + (-20)/110. Is (-25)/15 + (-3419)/r a prime number?
False
Let q = -189 - -108. Is q/108 - (-1022)/8 a prime number?
True
Suppose 43*n = -0*n + 6078781. Is n a prime number?
False
Suppose 2*o - 14 = 2*s, -9*o = -6*o + 2*s - 11. Suppose -18741 = -4*x + 5*n, o*x + n - 1401 = 21989. Is x a prime number?
True
Let l(c) be the third derivative of -c**6/120 + c**5/12 + 3*c**4/4 + 19*c**3/6 + 16*c**2 + c. Is l(-17) composite?
True
Suppose -3*g = -5*x - 96221, -18*g + 32107 = -17*g + 5*x. Suppose -10*s + g = -24148. Is s prime?
True
Let s = -430369 - -745322. Is s prime?
True
Suppose 2*a = -2, -5 = -v + 2*a - 0*a. Suppose -s = -2*p - v*s + 1828, 0 = 2*p + 5*s - 1837. Is p a composite number?
False
Let u(m) = 1087*m**2 - 8*m + 102. Is u(7) a prime number?
True
Let g be -6 - 0*(-3)/12. Let h = g + 10. Suppose -57 = -h*b + 571. Is b a composite number?
False
Let y = 17833 - -138194. Is y composite?
True
Let c(i) = 36*i**3 - 10*i**2 - 2*i - 29. Let b be c(7). Suppose -4*k + b = x, -k = -x + 5*x - 2965. Is k a composite number?
False
Let c = 173 - 171. Is -1*(c/(4/10) - 8196) composite?
False
Let z(i) = 3934*i - 4339. Is z(12) a prime number?
False
Let v be (0 + 0/5)/(2 + -3). Suppose v = -m + 4*k + 487, -k + 3 = 3*m - 1458. Is m composite?
False
Let m(f) = -f**3 - f**2 + 11*f + 1. Let y be m(-4). Let p(v) = 4*v**3 - 5*v**2 - 10*v + 16. Is p(y) a prime number?
False
Let x = -76790 - -173359. Is x prime?
False
Let m be (-3)/((-2)/(-14)*-1). Let j = 584 + 302. Suppose m*z = 23*z - j. Is z a prime number?
True
Let p = 363965 + -225238. Is p prime?
True
Suppose 0 = 5*j - 5*m - 128935, 0 = 6*j - 8*j + 4*m + 51568. Suppose -17*t = -7*t - j. Is t a prime number?
True
Is 2/((-28)/(-2992339))*(-2 + 4) a prime number?
True
Let j = 8445 + -3975. Is j/(-40)*20/(-15) composite?
False
Let a(z) = 5*z**3 - 2*z**2 + 42*z + 8. Let i = 173 + -162. Is a(i) a prime number?
True
Let n(y) = -y**3 + 8*y**2 - 2*y - 11. Let m be n(8). Is 319*2 + (-2)/((-18)/m) prime?
False
Let n(k) = 3*k**2 - 13*k - 4. Let y be n(5). Let i be (18/15)/(3/12170). Suppose -i = -y*l + 562. Is l a composite number?
True
Suppose -8*s - 22 = -19*s. Suppose -b = 5*i, s*b = -3*i - 6 + 13. Is 3071/37*1*b composite?
True
Let w = -8805 - -19364. Is w a prime number?
True
Let p(h) = h**2 + 4*h - 30. Let d be p(-7). Let w = 11 + d. Suppose w*z - b - 2494 = -2*z, 4*z - 2*b - 2496 = 0. Is z prime?
False
Let o(q) = -29*q - 6. Suppose -2*v + 3*v = 3*s - 28, 0 = 2*v - 4*s + 54. Let k = v + 8. Is o(k) composite?
False
Let p = 3 - 3. Suppose m - 3 = -p. Suppose 1476 = -m*f + 6735. Is f a prime number?
True
Let d(p) = 220665*p**2 + 46*p - 48. Is d(1) composite?
False
Let p be (-95)/15 - -6 - (-3758704)/12. Suppose 0 = 11*c + 4587 - p. Is c composite?
True
Is (1392687/(-81))/(8/(-24)) composite?
False
Let u = 70 - 63. Suppose u*d + 212 = 5*d. Let p = 23 - d. Is p prime?
False
Let b = 30 + -24. Is (-1)/3*b*13378/(-4) a composite number?
False
Suppose 1 = 3*a - 2*c, 9 - 38 = -3*a - 5*c. Suppose -4*w - 4*m = -6*w + 11170, a*m = -5*w + 27938. Is w a prime number?
False
Suppose 7*a - 8265 + 2917 = 73031. Is a prime?
True
Suppose -1681*b = -1673*b + 8. Is 460753/167 + (-1 + 0 - b) composite?
True
Let v(o) = 187*o**2 - 84*o - 266. Is v(-39) composite?
False
Let k be 10/(-80) - 734/16. Let q = -40 - k. Is (-1228)/(2 - q)*1 a prime number?
True
Suppose 661 = -o + 2651. Let r(w) = 9*w**2 + 4*w + 3. Let b be r(-1). Suppose -o = -b*k - 734. Is k composite?
False
Let d(r) = 3767*r**2 + 105*r - 889. Is d(8) a composite number?
True
Suppose 140 = 8*k + 140. Suppose -b + 19*b - 20718 = k. Is b a composite number?
False
Let q(m) = 6*m - 16. Let r be q(6). Suppose 0 = -4*g - 3*k + 47 - r, 0 = 4*k - 20. Is g - (-5212)/8*4 composite?
False
Let v be (-12)/18 - 28/(-6). Suppose -2*m - 3*d + 240 = 990, 1852 = -5*m + v*d. Is (58/(-3))/((-4)/m*-2) prime?
False
Let w be (5 + -1)*(-33)/(-11). Is w/(-66) + (-432933)/(-33) prime?
False
Suppose 2*m = -4*v + 121434, 3*v = 4*m + 81183 - 324062. Is m composite?
False
Suppose 38637778 + 36417500 - 9018511 = 223*v. Is v composite?
False
Let x(a) = -675*a + 20 + 6 - 9 + 6. Is x(-6) prime?
True
Let i = 952784 + -312231. Is i composite?
True
Let w be ((-65)/52)/(1/(-4)). Suppose -w*n + 13298 - 4473 = 0. Is n a composite number?
True
Let s(y) be the first derivative of -y**4/4 - 3*y**3 + 7*y**2/2 - 12*y + 5. Let j be s(-10). Is 1/6 + 4515/j prime?
True
Let y(h) = 3*h**2 - 28*h + 13. Let q be y(9). Suppose 4530 - 260 = 2*j - q*i, -5*j + 3*i + 10654 = 0. Is j a composite number?
False
Let v(u) = 746732*u**3 - 11*u**2 + 5*u - 3. Is v(1) a prime number?
True
Let m be ((4 - 2) + 0)/(-2)*1898. Let l = 7255 + m. Is l a composite number?
True
Let x(d) = -121*d**3 + 55*d**2 + 36*d + 115. Is x(-14) a prime number?
False
Is (13 - (-22585 + -11))/1 a prime number?
False
Let t = -23954 - -99807. Is t a prime number?
True
Let u = 141519 + -9500. Is u a composite number?
False
Let g = 746 - 707. Suppose -g*y - 525683 = -68*y. Is y prime?
True
Let q be ((-4)/5)/(1 - (-42)/(-30)). Suppose -5*l = z - 2858, 12*l - 14*l + 5692 = q*z. Is z a prime number?
True
Let p(k) = -4*k - 6. Let t be -2*(-3 + (-2 - -6)). Let n be p(t). Is (n - 3)/(3/(-501)) prime?
True
Suppose 11*f - 12*f = -45678. Suppose 688*q - 694*q = -f. Is q prime?
False
Suppose -6*b + 190748 + 1094 = 4*h, -4*b + 127891 = -h. Is b prime?
True
Let y = -119 + 130. Let j(b) = b**2 - 11*b + 2. Let a be j(y). Is (-5 + a)/(-1) + 156 prime?
False
Let x(d) = -2*d**3 - 11*d**2 - 21. Let f